mber?
True
Is 23713 a prime number?
False
Is 28319 prime?
True
Is 11273 prime?
True
Is 8999 prime?
True
Is 8389 composite?
False
Is 276671 a prime number?
True
Is 9221 a prime number?
True
Is 78333 prime?
False
Is 28189 a prime number?
False
Is 586115 prime?
False
Is 1409 a prime number?
True
Is 2291 a prime number?
False
Is 5755 a composite number?
True
Is 605779 prime?
True
Is 332441 a composite number?
False
Is 18826 a composite number?
True
Is 285179 prime?
True
Is 65479 a composite number?
False
Is 506837 a composite number?
False
Is 3341 composite?
True
Is 36021 prime?
False
Is 713807 composite?
False
Is 3261 a prime number?
False
Is 2563705 a prime number?
False
Is 620537 prime?
False
Is 133901 a prime number?
False
Is 1241687 a composite number?
True
Is 680749 a composite number?
False
Is 5089 a prime number?
False
Is 39499 prime?
True
Is 13553 composite?
False
Is 410441 composite?
True
Is 26291 a composite number?
True
Is 5557 a prime number?
True
Is 162311 a composite number?
True
Is 19639 a prime number?
False
Is 8881 composite?
True
Is 3722 prime?
False
Is 10193 prime?
True
Is 8813 composite?
True
Is 4111 a composite number?
False
Is 232721 a composite number?
True
Is 251 composite?
False
Is 1263317 composite?
True
Is 21283 a prime number?
True
Is 31957 a composite number?
False
Is 389 a composite number?
False
Is 658481 a prime number?
False
Is 42134 prime?
False
Is 63799 a composite number?
False
Is 12373 prime?
True
Is 353357 prime?
False
Is 4889 a composite number?
False
Is 224357 a composite number?
True
Is 342521 a composite number?
False
Is 20179 composite?
True
Is 3024797 prime?
True
Is 269273 composite?
True
Is 19531 composite?
False
Is 607247 a composite number?
True
Is 68773 a prime number?
False
Is 153651 a composite number?
True
Is 12797 prime?
False
Is 80279 a composite number?
False
Is 38993 composite?
False
Is 15859 prime?
True
Is 75877 a prime number?
False
Is 109331 composite?
False
Is 8369 a prime number?
True
Is 224701 a prime number?
False
Is 139619 a prime number?
True
Is 754333 a composite number?
False
Is 8999 prime?
True
Is 109513 prime?
False
Is 82129 a composite number?
False
Is 332561 prime?
True
Is 1639 a composite number?
True
Is 2719 a prime number?
True
Is 5429 composite?
True
Is 127951 composite?
False
Is 233879 a composite number?
False
Is 43895 composite?
True
Is 2039 a composite number?
False
Is 49499 a composite number?
False
Is 5923 prime?
True
Is 2417 prime?
True
Is 10559 a prime number?
True
Is 25451 a prime number?
False
Is 460813 prime?
True
Is 7609 composite?
True
Is 53891 a prime number?
True
Is 867059 a prime number?
True
Is 654409 a composite number?
True
Is 11231 a composite number?
True
Is 5214487 a composite number?
False
Is 472165 a prime number?
False
Is 877 a prime number?
True
Is 7499 a composite number?
False
Is 44755 a prime number?
False
Is 1414509 composite?
True
Is 44011 a prime number?
False
Is 4327 composite?
False
Is 669077 a composite number?
False
Is 539135 a prime number?
False
Is 324461 prime?
False
Is 1123 a composite number?
False
Is 794566 composite?
True
Is 52103 a composite number?
False
Is 406649 a prime number?
True
Is 27031 a prime number?
True
Is 73519 a composite number?
True
Is 74423 a composite number?
True
Is 65414 a composite number?
True
Is 1247 a composite number?
True
Is 6983 a prime number?
True
Is 175949 a prime number?
True
Is 620767 a prime number?
False
Is 2127813 prime?
False
Is 32839 a prime number?
True
Is 2231 a composite number?
True
Is 1151 composite?
False
Is 7433 a composite number?
False
Is 15161 composite?
False
Is 97987 a prime number?
True
Is 716491 a composite number?
False
Is 68423 prime?
False
Is 410181 a composite number?
True
Is 330979 composite?
True
Is 219553 a prime number?
False
Is 4531 composite?
True
Is 140759 a composite number?
False
Is 118831 prime?
True
Is 1793 prime?
False
Is 4735 a prime number?
False
Is 36997 a prime number?
True
Is 398813 prime?
True
Is 16493 prime?
True
Is 222713 prime?
True
Is 61961 a composite number?
False
Is 4019 a composite number?
False
Is 2125679 composite?
False
Is 4727 a composite number?
True
Is 1117 a composite number?
False
Is 13781 composite?
False
Is 36581 a composite number?
True
Is 98437 composite?
True
Is 31307 prime?
True
Is 4597 a composite number?
False
Is 23503 prime?
False
Is 8501 prime?
True
Is 406517 a prime number?
True
Is 16817 a prime number?
False
Is 213173 a composite number?
False
Is 4073 prime?
True
Is 6805 prime?
False
Is 175403 prime?
True
Is 80953 composite?
False
Is 293 composite?
False
Is 10289 prime?
True
Is 18059 prime?
True
Is 80363 prime?
True
Is 26821 a prime number?
True
Is 3011 a composite number?
False
Is 13927 a composite number?
True
Is 8981 a prime number?
False
Is 445577 composite?
True
Is 302249 a prime number?
False
Is 22 a composite number?
True
Is 303409 a prime number?
True
Is 293399 a composite number?
False
Is 87049 a composite number?
False
Is 3291539 a composite number?
False
Is 332711 a prime number?
True
Is 16143 prime?
False
Is 550489 a composite number?
False
Is 29647 composite?
True
Is 2927 composite?
False
Is 63905 a prime number?
False
Is 4111 prime?
True
Is 541847 prime?
False
Is 45613 composite?
False
Is 189733 a composite number?
False
Is 643619 a composite number?
False
Is 145387 a composite number?
True
Is 821 composite?
False
Is 79111 prime?
True
Is 93007 prime?
False
Is 157007 a prime number?
True
Is 557 composite?
False
Is 26023 a prime number?
False
Is 3027 composite?
True
Is 3433 a composite number?
False
Is 3907 composite?
False
Is 293 a composite number?
False
Is 37441 a composite number?
False
Is 52949 prime?
False
Is 322445 prime?
False
Is 324209 composite?
False
Is 98749 a prime number?
False
Is 50989 a composite number?
False
Is 750553 prime?
True
Is 1460821 a prime number?
True
Is 1447913 composite?
False
Is 355409 a prime number?
False
Is 9091 a prime number?
True
Is 90669 a composite number?
True
Is 164533 prime?
False
Is 29101 a prime number?
True
Is 7001 prime?
True
Is 451439 a composite number?
False
Is 23487 prime?
False
Is 1638458 a prime number?
False
Is 1262 a prime number?
False
Is 30131 a prime number?
False
Is 178597 a prime number?
True
Is 6823 composite?
False
Is 175535 a prime number?
False
Is 194809 prime?
True
Is 160991 prime?
False
Is 480013 a composite number?
False
Is 293 a prime number?
True
Is 436739 prime?
True
Is 37889 composite?
False
Is 182739 a prime number?
False
Is 265645 a composite number?
True
Is 815 a composite number?
True
Is 253691 composite?
True
Is 1370177 composite?
False
Is 11459 composite?
True
Is 1737821 prime?
True
Is 648157 a composite number?
True
Is 4678 prime?
False
Is 172105 prime?
False
Is 53021 a composite number?
True
Is 3131 a composite number?
True
Is 17009 prime?
False
Is 17197 prime?
False
Is 775717 prime?
False
Is 11273 a prime number?
True
Is 14473 a prime number?
False
Is 93077 composite?
False
Is 4699 prime?
False
Is 158623 a prime number?
False
Is 24223 prime?
True
Is 15637 prime?
False
Is 9923 a prime number?
True
Is 372797 a composite number?
False
Is 142501 a prime number?
True
Is 2419 prime?
False
Is 541 composite?
False
Is 12829 prime?
True
Is 611219 a prime number?
False
Is 11341 composite?
True
Is 78803 a prime number?
True
Is 15503 a prime number?
False
Is 6121085 a prime number?
False
Is 19262 a composite number?
True
Is 145718 a prime number?
False
Is 121883 composite?
False
Is 184949 composite?
False
Is 28187 a composite number?
True
Is 12053 a composite number?
True
Is 158047 a prime number?
True
Is 1507 a prime number?
False
Is 10301 composite?
False
Is 13639 a prime number?
False
Is 4496099 a composite number?
False
Is 130003 composite?
False
Is 14239 a prime number?
False
Is 7177 a prime number?
True
Is 37771 prime?
False
Is 137203 a composite number?
True
Is 17047 prime?
True
Is 6937 a composite number?
True
Is 38783 prime?
True
Is 131701 composite?
False
Is 215093 a prime number?
False
Is 18637 prime?
True
Is 587318 composite?
True
Is 74999 prime?
False
Is 1755895 composite?
True
Is 115963 a prime number?
True
Is 148703 a prime number?
False
Is 4045 a prime number?
False
Is 11863 composite?
False
Is 6959 a composite number?
False
Is 3833 p